{"id":1486,"date":"2023-05-04T13:30:08","date_gmt":"2023-05-04T11:30:08","guid":{"rendered":"https:\/\/igf.rs\/?post_type=ucesnici&#038;p=1486"},"modified":"2023-05-04T13:30:54","modified_gmt":"2023-05-04T11:30:54","slug":"bojan-elek","status":"publish","type":"ucesnici","link":"https:\/\/igf.rs\/en\/ucesnici\/bojan-elek\/","title":{"rendered":"Bojan Elek"},"content":{"rendered":"\n<p>Bojan je deo BCBP tima od 2013. godine. Od po\u010detka specijalizovao se za politiku pro\u0161irenja Evropske unije i evropske integracije Republike Srbije, sa fokusom na pra\u0107enje reformi iz oblasti vladavine prava i bezbednosti, uklju\u010duju\u0107i reformu policije i borbu protiv organizovanog kriminala. Kroz svoj anga\u017eman u radu nekoliko mre\u017ea organizacija gra\u0111anskog dru\u0161tva nastoji da pribli\u017ei javne politike gra\u0111anima i doprinese njihovom ve\u0107em u\u010de\u0161\u0107u u dono\u0161enju odluka.<\/p>\n\n\n\n<p>Osnovne studije Bojan je zavr\u0161io na Fakultetu politi\u010dkih nauka, Univerzitet u Beogradu. Kao stipendista Fondacije za otvoreno dru\u0161tvo u toku studija stru\u010dno se usavr\u0161avao na Univerzitetu D\u017eord\u017e Mejson, SAD. Master studije me\u0111unarodnih odnosa i evropskih studija zavr\u0161io je na Centralnoevropskom univerzitetu u Budimpe\u0161ti.<\/p>\n","protected":false},"template":"","meta":{"site-sidebar-layout":"default","site-content-layout":"","ast-site-content-layout":"default","site-content-style":"default","site-sidebar-style":"default","ast-global-header-display":"","ast-banner-title-visibility":"","ast-main-header-display":"","ast-hfb-above-header-display":"","ast-hfb-below-header-display":"","ast-hfb-mobile-header-display":"","site-post-title":"","ast-breadcrumbs-content":"","ast-featured-img":"","footer-sml-layout":"","theme-transparent-header-meta":"","adv-header-id-meta":"","stick-header-meta":"","header-above-stick-meta":"","header-main-stick-meta":"","header-below-stick-meta":"","astra-migrate-meta-layouts":"default","ast-page-background-enabled":"default","ast-page-background-meta":{"desktop":{"background-color":"var(--ast-global-color-4)","background-image":"","background-repeat":"repeat","background-position":"center center","background-size":"auto","background-attachment":"scroll","background-type":"","background-media":"","overlay-type":"","overlay-color":"","overlay-opacity":"","overlay-gradient":""},"tablet":{"background-color":"","background-image":"","background-repeat":"repeat","background-position":"center center","background-size":"auto","background-attachment":"scroll","background-type":"","background-media":"","overlay-type":"","overlay-color":"","overlay-opacity":"","overlay-gradient":""},"mobile":{"background-color":"","background-image":"","background-repeat":"repeat","background-position":"center center","background-size":"auto","background-attachment":"scroll","background-type":"","background-media":"","overlay-type":"","overlay-color":"","overlay-opacity":"","overlay-gradient":""}},"ast-content-background-meta":{"desktop":{"background-color":"var(--ast-global-color-5)","background-image":"","background-repeat":"repeat","background-position":"center center","background-size":"auto","background-attachment":"scroll","background-type":"","background-media":"","overlay-type":"","overlay-color":"","overlay-opacity":"","overlay-gradient":""},"tablet":{"background-color":"var(--ast-global-color-5)","background-image":"","background-repeat":"repeat","background-position":"center center","background-size":"auto","background-attachment":"scroll","background-type":"","background-media":"","overlay-type":"","overlay-color":"","overlay-opacity":"","overlay-gradient":""},"mobile":{"background-color":"var(--ast-global-color-5)","background-image":"","background-repeat":"repeat","background-position":"center center","background-size":"auto","background-attachment":"scroll","background-type":"","background-media":"","overlay-type":"","overlay-color":"","overlay-opacity":"","overlay-gradient":""}}},"godina-ucesca":[21],"class_list":["post-1486","ucesnici","type-ucesnici","status-publish","hentry","godina-ucesca-ucesnici-2023"],"yoast_head":"<!-- This site is optimized with the Yoast SEO plugin v26.3 - https:\/\/yoast.com\/wordpress\/plugins\/seo\/ -->\n<title>Bojan Elek - IGF<\/title>\n<meta name=\"robots\" content=\"index, follow, max-snippet:-1, max-image-preview:large, max-video-preview:-1\" \/>\n<link rel=\"canonical\" href=\"https:\/\/igf.rs\/ucesnici\/bojan-elek\/\" \/>\n<meta property=\"og:locale\" content=\"en_US\" \/>\n<meta property=\"og:type\" content=\"article\" \/>\n<meta property=\"og:title\" content=\"Bojan Elek - IGF\" \/>\n<meta property=\"og:description\" content=\"Bojan je deo BCBP tima od 2013. godine. Od po\u010detka specijalizovao se za politiku pro\u0161irenja Evropske unije i evropske integracije Republike Srbije, sa fokusom na pra\u0107enje reformi iz oblasti vladavine prava i bezbednosti, uklju\u010duju\u0107i reformu policije i borbu protiv organizovanog kriminala. Kroz svoj anga\u017eman u radu nekoliko mre\u017ea organizacija gra\u0111anskog dru\u0161tva nastoji da pribli\u017ei javne [&hellip;]\" \/>\n<meta property=\"og:url\" content=\"https:\/\/igf.rs\/ucesnici\/bojan-elek\/\" \/>\n<meta property=\"og:site_name\" content=\"IGF\" \/>\n<meta property=\"article:modified_time\" content=\"2023-05-04T11:30:54+00:00\" \/>\n<meta property=\"og:image\" content=\"https:\/\/igf.rs\/wp-content\/uploads\/2023\/05\/IGF-Srbija-2023.jpg\" \/>\n\t<meta property=\"og:image:width\" content=\"1920\" \/>\n\t<meta property=\"og:image:height\" content=\"1080\" \/>\n\t<meta property=\"og:image:type\" content=\"image\/jpeg\" \/>\n<meta name=\"twitter:card\" content=\"summary_large_image\" \/>\n<meta name=\"twitter:label1\" content=\"Est. reading time\" \/>\n\t<meta name=\"twitter:data1\" content=\"1 minute\" \/>\n<script type=\"application\/ld+json\" class=\"yoast-schema-graph\">{\"@context\":\"https:\/\/schema.org\",\"@graph\":[{\"@type\":\"WebPage\",\"@id\":\"https:\/\/igf.rs\/ucesnici\/bojan-elek\/\",\"url\":\"https:\/\/igf.rs\/ucesnici\/bojan-elek\/\",\"name\":\"\u0411\u043e\u0458\u0430\u043d \u0415\u043b\u0435\u043a - IGF\",\"isPartOf\":{\"@id\":\"https:\/\/igf.rs\/#website\"},\"datePublished\":\"2023-05-04T11:30:08+00:00\",\"dateModified\":\"2023-05-04T11:30:54+00:00\",\"breadcrumb\":{\"@id\":\"https:\/\/igf.rs\/ucesnici\/bojan-elek\/#breadcrumb\"},\"inLanguage\":\"en-US\",\"potentialAction\":[{\"@type\":\"ReadAction\",\"target\":[\"https:\/\/igf.rs\/ucesnici\/bojan-elek\/\"]}]},{\"@type\":\"BreadcrumbList\",\"@id\":\"https:\/\/igf.rs\/ucesnici\/bojan-elek\/#breadcrumb\",\"itemListElement\":[{\"@type\":\"ListItem\",\"position\":1,\"name\":\"Home\",\"item\":\"https:\/\/igf.rs\/\"},{\"@type\":\"ListItem\",\"position\":2,\"name\":\"U\u010desnici\",\"item\":\"https:\/\/igf.rs\/ucesnici\/\"},{\"@type\":\"ListItem\",\"position\":3,\"name\":\"Bojan Elek\"}]},{\"@type\":\"WebSite\",\"@id\":\"https:\/\/igf.rs\/#website\",\"url\":\"https:\/\/igf.rs\/\",\"name\":\"IGF Srbija\",\"description\":\"Srpski forum o upravljanju internetom\",\"publisher\":{\"@id\":\"https:\/\/igf.rs\/#organization\"},\"potentialAction\":[{\"@type\":\"SearchAction\",\"target\":{\"@type\":\"EntryPoint\",\"urlTemplate\":\"https:\/\/igf.rs\/?s={search_term_string}\"},\"query-input\":{\"@type\":\"PropertyValueSpecification\",\"valueRequired\":true,\"valueName\":\"search_term_string\"}}],\"inLanguage\":\"en-US\"},{\"@type\":\"Organization\",\"@id\":\"https:\/\/igf.rs\/#organization\",\"name\":\"IGF - Srpski forum o upravljanju internetom\",\"url\":\"https:\/\/igf.rs\/\",\"logo\":{\"@type\":\"ImageObject\",\"inLanguage\":\"en-US\",\"@id\":\"https:\/\/igf.rs\/#\/schema\/logo\/image\/\",\"url\":\"https:\/\/igf.rs\/wp-content\/uploads\/2022\/05\/cropped-igf-srbija-favicon-beli.png\",\"contentUrl\":\"https:\/\/igf.rs\/wp-content\/uploads\/2022\/05\/cropped-igf-srbija-favicon-beli.png\",\"width\":512,\"height\":512,\"caption\":\"IGF - Srpski forum o upravljanju internetom\"},\"image\":{\"@id\":\"https:\/\/igf.rs\/#\/schema\/logo\/image\/\"}}]}<\/script>\n<!-- \/ Yoast SEO plugin. -->","yoast_head_json":{"title":"Bojan Elek - IGF","robots":{"index":"index","follow":"follow","max-snippet":"max-snippet:-1","max-image-preview":"max-image-preview:large","max-video-preview":"max-video-preview:-1"},"canonical":"https:\/\/igf.rs\/ucesnici\/bojan-elek\/","og_locale":"en_US","og_type":"article","og_title":"Bojan Elek - IGF","og_description":"Bojan je deo BCBP tima od 2013. godine. Od po\u010detka specijalizovao se za politiku pro\u0161irenja Evropske unije i evropske integracije Republike Srbije, sa fokusom na pra\u0107enje reformi iz oblasti vladavine prava i bezbednosti, uklju\u010duju\u0107i reformu policije i borbu protiv organizovanog kriminala. Kroz svoj anga\u017eman u radu nekoliko mre\u017ea organizacija gra\u0111anskog dru\u0161tva nastoji da pribli\u017ei javne [&hellip;]","og_url":"https:\/\/igf.rs\/ucesnici\/bojan-elek\/","og_site_name":"IGF","article_modified_time":"2023-05-04T11:30:54+00:00","og_image":[{"width":1920,"height":1080,"url":"https:\/\/igf.rs\/wp-content\/uploads\/2023\/05\/IGF-Srbija-2023.jpg","type":"image\/jpeg"}],"twitter_card":"summary_large_image","twitter_misc":{"Est. reading time":"1 minute"},"schema":{"@context":"https:\/\/schema.org","@graph":[{"@type":"WebPage","@id":"https:\/\/igf.rs\/ucesnici\/bojan-elek\/","url":"https:\/\/igf.rs\/ucesnici\/bojan-elek\/","name":"Bojan Elek - IGF","isPartOf":{"@id":"https:\/\/igf.rs\/#website"},"datePublished":"2023-05-04T11:30:08+00:00","dateModified":"2023-05-04T11:30:54+00:00","breadcrumb":{"@id":"https:\/\/igf.rs\/ucesnici\/bojan-elek\/#breadcrumb"},"inLanguage":"en-US","potentialAction":[{"@type":"ReadAction","target":["https:\/\/igf.rs\/ucesnici\/bojan-elek\/"]}]},{"@type":"BreadcrumbList","@id":"https:\/\/igf.rs\/ucesnici\/bojan-elek\/#breadcrumb","itemListElement":[{"@type":"ListItem","position":1,"name":"Home","item":"https:\/\/igf.rs\/"},{"@type":"ListItem","position":2,"name":"U\u010desnici","item":"https:\/\/igf.rs\/ucesnici\/"},{"@type":"ListItem","position":3,"name":"Bojan Elek"}]},{"@type":"WebSite","@id":"https:\/\/igf.rs\/#website","url":"https:\/\/igf.rs\/","name":"IGF Srbija","description":"Srpski forum o upravljanju internetom","publisher":{"@id":"https:\/\/igf.rs\/#organization"},"potentialAction":[{"@type":"SearchAction","target":{"@type":"EntryPoint","urlTemplate":"https:\/\/igf.rs\/?s={search_term_string}"},"query-input":{"@type":"PropertyValueSpecification","valueRequired":true,"valueName":"search_term_string"}}],"inLanguage":"en-US"},{"@type":"Organization","@id":"https:\/\/igf.rs\/#organization","name":"IGF - Srpski forum o upravljanju internetom","url":"https:\/\/igf.rs\/","logo":{"@type":"ImageObject","inLanguage":"en-US","@id":"https:\/\/igf.rs\/#\/schema\/logo\/image\/","url":"https:\/\/igf.rs\/wp-content\/uploads\/2022\/05\/cropped-igf-srbija-favicon-beli.png","contentUrl":"https:\/\/igf.rs\/wp-content\/uploads\/2022\/05\/cropped-igf-srbija-favicon-beli.png","width":512,"height":512,"caption":"IGF - Srpski forum o upravljanju internetom"},"image":{"@id":"https:\/\/igf.rs\/#\/schema\/logo\/image\/"}}]}},"_links":{"self":[{"href":"https:\/\/igf.rs\/en\/wp-json\/wp\/v2\/ucesnici\/1486","targetHints":{"allow":["GET"]}}],"collection":[{"href":"https:\/\/igf.rs\/en\/wp-json\/wp\/v2\/ucesnici"}],"about":[{"href":"https:\/\/igf.rs\/en\/wp-json\/wp\/v2\/types\/ucesnici"}],"wp:attachment":[{"href":"https:\/\/igf.rs\/en\/wp-json\/wp\/v2\/media?parent=1486"}],"wp:term":[{"taxonomy":"godina-ucesca","embeddable":true,"href":"https:\/\/igf.rs\/en\/wp-json\/wp\/v2\/godina-ucesca?post=1486"}],"curies":[{"name":"wp","href":"https:\/\/api.w.org\/{rel}","templated":true}]}}

<p>Bojan je deo BCBP tima od 2013. godine. Od početka specijalizovao se za politiku proširenja Evropske unije i evropske integracije Republike Srbije, sa fokusom na praćenje reformi iz oblasti vladavine prava i bezbednosti, uključujući reformu policije i borbu protiv organizovanog kriminala. Kroz svoj angažman u radu nekoliko mreža organizacija građanskog društva nastoji da približi javne politike građanima i doprinese njihovom većem učešću u donošenju odluka.</p>



<p>Osnovne studije Bojan je završio na Fakultetu političkih nauka, Univerzitet u Beogradu. Kao stipendista Fondacije za otvoreno društvo u toku studija stručno se usavršavao na Univerzitetu Džordž Mejson, SAD. Master studije međunarodnih odnosa i evropskih studija završio je na Centralnoevropskom univerzitetu u Budimpešti.</p>

<!-- This site is optimized with the Yoast SEO plugin v26.3 - https://yoast.com/wordpress/plugins/seo/ -->
<title>Bojan Elek - IGF</title>
<meta name="robots" content="index, follow, max-snippet:-1, max-image-preview:large, max-video-preview:-1" />
<link rel="canonical" href="https://igf.rs/ucesnici/bojan-elek/" />
<meta property="og:locale" content="en_US" />
<meta property="og:type" content="article" />
<meta property="og:title" content="Bojan Elek - IGF" />
<meta property="og:description" content="Bojan je deo BCBP tima od 2013. godine. Od početka specijalizovao se za politiku proširenja Evropske unije i evropske integracije Republike Srbije, sa fokusom na praćenje reformi iz oblasti vladavine prava i bezbednosti, uključujući reformu policije i borbu protiv organizovanog kriminala. Kroz svoj angažman u radu nekoliko mreža organizacija građanskog društva nastoji da približi javne [&hellip;]" />
<meta property="og:url" content="https://igf.rs/ucesnici/bojan-elek/" />
<meta property="og:site_name" content="IGF" />
<meta property="article:modified_time" content="2023-05-04T11:30:54+00:00" />
<meta property="og:image" content="https://igf.rs/wp-content/uploads/2023/05/IGF-Srbija-2023.jpg" />
	<meta property="og:image:width" content="1920" />
	<meta property="og:image:height" content="1080" />
	<meta property="og:image:type" content="image/jpeg" />
<meta name="twitter:card" content="summary_large_image" />
<meta name="twitter:label1" content="Est. reading time" />
	<meta name="twitter:data1" content="1 minute" />
<script type="application/ld+json" class="yoast-schema-graph">{"@context":"https://schema.org","@graph":[{"@type":"WebPage","@id":"https://igf.rs/ucesnici/bojan-elek/","url":"https://igf.rs/ucesnici/bojan-elek/","name":"Бојан Елек - IGF","isPartOf":{"@id":"https://igf.rs/#website"},"datePublished":"2023-05-04T11:30:08+00:00","dateModified":"2023-05-04T11:30:54+00:00","breadcrumb":{"@id":"https://igf.rs/ucesnici/bojan-elek/#breadcrumb"},"inLanguage":"en-US","potentialAction":[{"@type":"ReadAction","target":["https://igf.rs/ucesnici/bojan-elek/"]}]},{"@type":"BreadcrumbList","@id":"https://igf.rs/ucesnici/bojan-elek/#breadcrumb","itemListElement":[{"@type":"ListItem","position":1,"name":"Home","item":"https://igf.rs/"},{"@type":"ListItem","position":2,"name":"Učesnici","item":"https://igf.rs/ucesnici/"},{"@type":"ListItem","position":3,"name":"Bojan Elek"}]},{"@type":"WebSite","@id":"https://igf.rs/#website","url":"https://igf.rs/","name":"IGF Srbija","description":"Srpski forum o upravljanju internetom","publisher":{"@id":"https://igf.rs/#organization"},"potentialAction":[{"@type":"SearchAction","target":{"@type":"EntryPoint","urlTemplate":"https://igf.rs/?s={search_term_string}"},"query-input":{"@type":"PropertyValueSpecification","valueRequired":true,"valueName":"search_term_string"}}],"inLanguage":"en-US"},{"@type":"Organization","@id":"https://igf.rs/#organization","name":"IGF - Srpski forum o upravljanju internetom","url":"https://igf.rs/","logo":{"@type":"ImageObject","inLanguage":"en-US","@id":"https://igf.rs/#/schema/logo/image/","url":"https://igf.rs/wp-content/uploads/2022/05/cropped-igf-srbija-favicon-beli.png","contentUrl":"https://igf.rs/wp-content/uploads/2022/05/cropped-igf-srbija-favicon-beli.png","width":512,"height":512,"caption":"IGF - Srpski forum o upravljanju internetom"},"image":{"@id":"https://igf.rs/#/schema/logo/image/"}}]}</script>
<!-- / Yoast SEO plugin. -->

Bojan je deo BCBP tima od 2013. godine. Od početka specijalizovao se za politiku proširenja Evropske unije i evropske integracije Republike Srbije, sa fokusom na praćenje reformi iz oblasti vladavine prava i bezbednosti, uključujući reformu policije i borbu protiv organizovanog kriminala. Kroz svoj angažman u radu nekoliko mreža organizacija građanskog društva nastoji da približi javne [&hellip;]

Učesnici
